t is the highest common factor of t and 1?
1
Suppose 4*f = 459 + 353. Calculate the highest common factor of 29 and f.
29
Suppose 3*z - 3*d = 93, z + 2*z + 3*d = 117. Let j be 2/(-14) - 1086/42. Let r be (-178)/(-26) + (-4)/j. What is the highest common factor of r and z?
7
Suppose 2*p - 196 = -2*v, -2*p + 94 + 94 = -2*v. Calculate the highest common factor of 24 and p.
24
Suppose -2*j = c - 20, -c = -2*j + 36 - 12. Calculate the greatest common factor of j and 22.
11
Suppose -2*x - 7 = -1. Let g(w) = 33*w**2 - w. Let l be g(x). Suppose 0 = 4*y - l + 80. What is the highest common factor of 11 and y?
11
Let a be (80/8)/((-3)/(-9) - 0). Calculate the highest common factor of 105 and a.
15
Let g = 40 + -22. Let l(t) = 2*t**2 + t - 1. Let x be l(2). Calculate the highest common divisor of g and x.
9
Let z be (-11)/(-2 + 3 + -2). Suppose -390 - 149 = -7*u. Calculate the greatest common divisor of z and u.
11
Suppose -1 + 4 = 3*f. Let u be f/(-2)*(-4 - 4). Calculate the greatest common factor of 8 and u.
4
Let y = 7 - -1. Let m = y + 3. Calculate the greatest common divisor of 1 and m.
1
Let p be ((-5)/10)/(2/(-8)). What is the greatest common factor of p and 4?
2
Suppose z = 18 + 12. What is the highest common factor of z and 45?
15
Suppose -2*l = -57 - 3. Calculate the greatest common divisor of l and 45.
15
Suppose 2*a = -4*n + 184, -3*a + 0*n - n + 256 = 0. Suppose v + a = 5*v. What is the highest common factor of v and 3?
3
Let u = 4 + -2. Let f be 6 + -6 + (-3)/(-1). Suppose u*j = -f*j + 360. Calculate the highest common divisor of j and 9.
9
Let p(u) = -17*u - 6. Let q be p(-6). Suppose 0 = 4*d - 11 - 85. Calculate the highest common divisor of d and q.
24
Let q = -156 + 158. Calculate the highest common factor of q and 9.
1
Let j = 49 - -51. Suppose -2*u - 4 = -j. Calculate the greatest common divisor of u and 16.
16
Let x(u) = u**2 + 5*u + 6. Let b be x(-8). Let m be ((-73)/3)/(2/(-6)). Suppose -4*f + m = 25. What is the highest common factor of f and b?
6
Suppose t + 87 = 5*h, -h + 6 = -t - 9. What is the highest common factor of h and 90?
18
Let j = -64 - -123. Let l = 62 + j. Let u be 79/7 - 6/21. What is the greatest common divisor of l and u?
11
Let i be 47 - 1*(0 + -1). What is the greatest common factor of i and 6?
6
Let x = 1 - 2. Let y be 8 + (x - 2) + 1. Let b = 9 - y. What is the highest common divisor of b and 12?
3
Suppose 0*z + 4*z - 12 = 0. Suppose 160 = i + z*i. What is the highest common divisor of i and 10?
10
Suppose 3*y = 7*y - 232. Calculate the highest common divisor of 145 and y.
29
Let i be 5*((-90)/25 + 4). Suppose -3*o = -2*q + i*o, 2 = o. Suppose -2*b + 12 = 2*h, b + b + 3*h - 13 = 0. What is the greatest common factor of q and b?
5
Let c = 28 + -20. What is the greatest common divisor of 8 and c?
8
Let a be (2/(-3))/((-10)/45). Suppose -5*f = -16 - 9. Suppose -x - 19 = f*z, -2*x + 38 = x - 4*z. Calculate the greatest common divisor of x and a.
3
Suppose 9 = 4*q - 7. Suppose -q*x + 12 = z, -8*z + 165 = -3*z - x. Suppose -3*b - 4 = 4*w - 5, 3*w - 4*b = z. Calculate the highest common divisor of 20 and w.
4
Suppose 5*t - 2*q - 86 = 0, 6*q = -4*t + 3*q + 55. What is the highest common divisor of 4 and t?
4
Suppose 73 + 71 = 6*j. What is the highest common factor of j and 168?
24
Let p = -64 + 75. Let k(s) = s**2 - 5*s + 1. Let m be k(5). Calculate the highest common divisor of p and m.
1
Let g = -10 - -6. Let n(u) = -3*u - 6. Let d be n(g). Let b(q) = 2*q**2 + 4*q. Let a be b(-3). Calculate the greatest common factor of d and a.
6
Suppose 3*k = -3*h + 762, 2*k - 4*h - 279 = k. Suppose -97 + 23 = -2*u. Calculate the greatest common divisor of u and k.
37
Let h = 71 - 51. Suppose 0 = -4*z + z + 9. Suppose -111 = -4*b - z*i, 3*i = b - 17 - 22. Calculate the greatest common factor of b and h.
10
Let j = 18 + 2. Let d(a) = -a - 6. Let q be d(-9). Suppose -680 = -q*s - 5*n, 0*s + 3*s + 3*n = 672. Calculate the greatest common divisor of s and j.
20
Suppose 9*x - 15 = 6*x. What is the highest common factor of x and 5?
5
Let s(b) = b**3 + 12*b**2 - b - 2. Let t be s(-12). Let c be 994/10 - 4/t. Calculate the greatest common factor of 9 and c.
9
Let o = -11 - -74. Let n be 2/4*(-126)/(-7). Calculate the greatest common divisor of o and n.
9
Suppose 37 = 5*i - 4*o + 103, -i - 26 = -4*o. Let y be (-12)/2*i/3. Let v = y + -14. Calculate the highest common divisor of v and 4.
2
Let b be (-2780)/(-70) - (-2)/7. What is the highest common divisor of 8 and b?
8
Let k(y) = 6*y**2 - 3 + 0 - 8*y - 2. Let r be k(-7). Suppose 2*s + 75 = 3*s - 3*w, -3*w + r = 4*s. Calculate the greatest common divisor of 12 and s.
12
Let k(o) = -3*o - 2*o + o**2 + 12 + 3*o + o - o**3. Let m be k(0). Calculate the highest common divisor of m and 30.
6
Let h(a) = 36*a**3. Let z be h(1). Suppose -93 = 3*g + z. Let k = -8 - g. What is the highest common factor of 14 and k?
7
Suppose 3*u - 9 = 36. Suppose -5*w + 20 = -u. Calculate the highest common factor of 14 and w.
7
Let q be 5*((-2)/(-10) + 1). Let u = -11 + q. Let t = u + 17. What is the highest common divisor of 3 and t?
3
Let s be ((-36)/(-14))/(27/126). What is the greatest common factor of s and 18?
6
Suppose -f - 2 + 1 = 0. Let j be (f - 1)/(4/(-22)). Let q = -51 - -73. What is the greatest common divisor of j and q?
11
Suppose -4*t - 1 = -9. Let s be (-20 + 4)*15/(-12). Calculate the greatest common factor of s and t.
2
Suppose -2*x - 2*s = -5*s + 3, 21 = 3*x + 4*s. Suppose 126*h = 120*h + 36. What is the highest common factor of h and x?
3
Let l(q) = -q - 39*q**3 + 40*q**3 + 25 - 5. Suppose s = -0*s. Let r be l(s). Calculate the highest common divisor of 180 and r.
20
Let k(p) be the second derivative of -p**4/12 - 2*p**3 - 13*p**2/2 + p. Let s be k(-9). What is the highest common factor of s and 98?
14
Let w(k) = k**2 - 3*k - 2. Let r be w(-6). Calculate the highest common divisor of r and 78.
26
Let r = -3 + 6. Suppose 0 = -r*j + 3*f - 6, -3 = -j + 4*j - 4*f. Let q be (-1 - j*2) + 0. Calculate the highest common divisor of 72 and q.
9
Let p be ((-366)/(-9) - 2)*6. Let o = -68 - -97. What is the greatest common factor of p and o?
29
Let v(q) = 2*q**2 + q - 1. Let c = 11 - 6. Let a be v(c). Calculate the highest common divisor of a and 6.
6
Let h = 34 - -10. What is the greatest common divisor of 11 and h?
11
Let f = -10 - -12. Suppose -3*l = f*a - 42, -2*a - 2*l + 34 = -4. Let h be (-212)/(-7) - (-4)/(-14). Calculate the highest common factor of h and a.
15
Suppose -50 = 2*x - 7*x. Let l be ((-12)/10)/(x/(-75)). What is the greatest common divisor of l and 99?
9
Suppose 8*t - 18 = 5*t. Suppose 0*r + 3*r = 18. Calculate the greatest common factor of t and r.
6
Let m(d) = -2*d + 2. Let x be m(6). Let q be (-304)/(-10) - (-4)/x. Let k be (-1 + 3/(-6))*-4. Calculate the greatest common factor of k and q.
6
Let t be -1 + 2433/11 + 6/(-33). Calculate the highest common divisor of t and 20.
20
Suppose -f - f = -6, g + 5*f - 258 = 0. Suppose 2*a = 5*a - g. Suppose 4*r - 5*o + 4*o = 342, -2*o = r - a. What is the greatest common divisor of r and 17?
17
Let o be 0/(-1) + 1 + 1. Suppose -4*j + o*j = -6. Suppose l - 5*l = 2*p, 0 = j*p + 6. What is the greatest common factor of l and 1?
1
Suppose 0*s + 4 = s. Suppose s*l = 2 + 10. Suppose -l*z + 98 = -73. What is the highest common factor of 19 and z?
19
Let c = 102 + 8. Suppose -2*u - c = -3*u. Suppose 5*b = 2*g + u, -g - 15 = 2*g. Calculate the highest common factor of b and 30.
10
Suppose 5*w = -0*w. Suppose w = -5*j, -t - 4*t - 3*j + 80 = 0. Calculate the greatest common factor of t and 16.
16
Let z(a) = -9*a - 5. Let p = -5 - -7. Suppose l + 13 = -p*m, m - l = -2 - 3. Let c be z(m). Calculate the highest common factor of 7 and c.
7
Let l(f) = f**2 - f - f**2 + 3*f**2. Let a be l(-1). Suppose -8 + 44 = a*k. Calculate the highest common divisor of k and 63.
9
Suppose -2*s - 111 = -181. Calculate the greatest common divisor of s and 385.
35
Let d = -5 - -10. Suppose 0*w - s = 3*w - 42, 50 = d*w - 5*s. What is the highest common factor of 39 and w?
13
Let d be 4/(-2)*-4*8. What is the greatest common factor of 16 and d?
16
Suppose -456 = 13*g - 21*g. Calculate the highest common factor of 228 and g.
57
Suppose 17 - 3 = -2*b. Let a(o) = -o**2 - 9*o - 4.